
Suppose 0*x = -4*x + 2*z + 294, 5*x - z = 375. What is the remainder when x is divided by 11?
10
Let a be ((-1)/1)/((-3)/6). Suppose 0 = 5*s - 10, -4*k + a*s + 117 + 15 = 0. What is the remainder when k is divided by 18?
16
Suppose -4*h - 3*s = -76, 4*s = 5*h + 2*s - 118. Calculate the remainder when 57 is divided by h.
13
Calculate the remainder when 184 is divided by 3 + 118/(3 + -1).
60
Let s(i) = -i**2 + 6*i + 3. Let q be s(6). Let f = q - 3. Suppose f = 2*d + 3*d - 55. Calculate the remainder when 20 is divided by d.
9
Suppose 6*p + 0 = 18. What is the remainder when 19 is divided by p?
1
What is the remainder when 59 is divided by -5 + 3 + 1 - -1*21?
19
Suppose 0 = 4*v + 5*d - 169, 4*d - 49 = -4*v + 119. Let x = 1 - -10. What is the remainder when v is divided by x?
8
Let y be (-12)/6 + 2*3. Suppose 44 = y*v - 72. Let o = 26 + -11. What is the remainder when v is divided by o?
14
Let a = -8 - -12. Suppose -l + z = -z - 19, l - a*z = 29. What is the remainder when 25 is divided by l?
7
Suppose -2*g - 3 = -13. Suppose 0 = -g*m + 53 - 3. Calculate the remainder when m is divided by 4.
2
Suppose 0 = -4*i + 6*i. Suppose i = 2*u - 3*u + 6. What is the remainder when 28 is divided by u?
4
Suppose 5*a + 35 = 12*a. Suppose n + 188 = 3*g, 3*n + 280 + 32 = a*g. Calculate the remainder when g is divided by 16.
15
Let o(r) = -9*r - 3. Let u(b) = -b - 11. Let d be u(-9). Let y be o(d). What is the remainder when 47 is divided by 0 + 5/(y/36)?
11
Let p(i) = i**2 - 4*i + 4. Let m be p(4). Suppose -6*d + m*d + 28 = 0. Calculate the remainder when 0 - (-12)/4 - -37 is divided by d.
12
Suppose -120 = -0*m - 3*m. Let h(l) = -l**2 - 11*l - 4. Suppose -2*q = 18 - 0. Calculate the remainder when m is divided by h(q).
12
Suppose -3*y - 22 = -m, -5*m + 122 = -0*m - 3*y. What is the remainder when 148 is divided by m?
23
Suppose -4*r = 2*n - 18, 5*n - n + 3 = 5*r. Suppose 0 = n*g - 6, -37 = -3*w - 10*g + 5*g. What is the remainder when 4/(-10) + (-164)/(-10) is divided by w?
7
Let u = -46 - -30. Let a = 7 - u. What is the remainder when 68 is divided by a?
22
Suppose -3*b + 50 - 11 = 0. Suppose -53 = -4*s - 21. What is the remainder when b is divided by s?
5
Let c = -10 - -16. Let j(q) = q - 1. Let i be j(-3). What is the remainder when 20 is divided by (i/c)/(8/(-84))?
6
Let b(s) = -s**2 - 7*s + 7. Let m be b(-7). Suppose z - m = -4*d + 15, 4*z + 2*d = 32. Calculate the remainder when 11 is divided by z.
5
Suppose -c + 17 = -g, 0*g - 39 = -2*c + 3*g. What is the remainder when c is divided by 7?
5
Let r = -12 - -16. What is the remainder when 13 is divided by r?
1
Calculate the remainder when 495/10 + 1/2 is divided by 13.
11
Let m(s) = 13*s**2 - 2*s + 3. Calculate the remainder when m(2) is divided by 13.
12
Let p be (-3)/(-18)*3*0. Suppose m = -p + 6. What is the remainder when 33 is divided by (-16)/m*18/(-4)?
9
Let u be (56/35)/((-2)/(-5)). Suppose -u*k = g - 40, -2*k - 3*k + 37 = -2*g. What is the remainder when 24 is divided by k?
6
Let x = 2 - -2. Let k be ((-34)/x*2)/(-1). Calculate the remainder when k + (-2 + 0 - -2) is divided by 9.
8
Let l = -90 + 136. What is the remainder when l is divided by 12?
10
Let n = -56 + 97. Calculate the remainder when n is divided by 11.
8
Calculate the remainder when 84 is divided by (-1 + -28)/(9 + -10).
26
Let a = 63 - 11. Let c be (28/(-5))/((-2)/(-10)). Let i = a + c. What is the remainder when i is divided by 13?
11
Suppose -2*g = 2*g - 120. Suppose -440 = -4*c - 0*c. Suppose -2*t - g = -c. What is the remainder when t is divided by 14?
12
Let q = 3 + -1. Calculate the remainder when 0 - (-88 - (-4 + q)) is divided by 22.
20
Suppose -3*h - 3*k = -42, 4*h - 3*k - 19 = 51. Let o be (1/3)/((-1)/15). Let u = h - o. Calculate the remainder when 41 is divided by u.
20
Suppose 5*w - 36 = -3*k, w + 2*w = -4*k + 37. What is the remainder when 20 is divided by k?
6
Let b = 1 + 2. Suppose y = -3*i + 34 - 14, 2*y = -i. What is the remainder when i is divided by b?
2
Suppose -3*y + 0*v + 33 = 4*v, -y - 4*v = -19. Calculate the remainder when 29 is divided by y.
1
Let t be -1 + -3*(-16)/12. Let s = t - -9. Calculate the remainder when 34 is divided by s.
10
Let f(k) = 25*k - 4. Let q be f(2). Suppose 5*t + 129 = -3*p - 19, -5*t - 164 = -p. Let g = t + q. What is the remainder when g is divided by 4?
2
Suppose -6*c + 116 = -46. Calculate the remainder when c is divided by 5.
2
Suppose 2*i - 39 = -5*q, -3*q - 32 = -3*i + 58. Suppose -5*b = -0*b - 75. What is the remainder when i is divided by b?
12
Let g(y) = -3*y + 2. Let p be g(2). Let d be (-1 - p)/(-1 - 0). Let i(f) = -4*f + 2. Calculate the remainder when 40 is divided by i(d).
12
Suppose -5*w + 11 = 5*t + 51, 0 = 2*t + 4. Let n = w - 2. Let g(f) = -f**3 - 7*f**2 + 4*f + 3. What is the remainder when g(n) is divided by 12?
11
Let n = 43 - 6. Let a = n - 22. Suppose -3*w - 2*w + 140 = 0. What is the remainder when w is divided by a?
13
Suppose -25*h + 338 = -312. What is the remainder when -2 + 78/((-2)/(-2)) is divided by h?
24
Let u(l) = l**3 + 5*l**2 - 5*l + 6. Let r be u(-6). Suppose r = 4*h - 5*p - 82, 0 = 2*h - 4*h + 5*p + 46. Calculate the remainder when 35 is divided by h.
17
Let p(l) = 6*l - 1. Let u be p(1). Let y(v) = -v**2 + 7*v + 3. Suppose 3 = 5*o - 22. Calculate the remainder when y(u) is divided by o.
3
Let q(r) = -3*r - 7. Let p be q(-5). What is the remainder when p/20 + (-38)/(-5) is divided by 5?
3
Let i = -7 + 3. Let u be (i - 6)*12/10. Calculate the remainder when 15 is divided by (-4 + 2 - u) + -2.
7
Let n = 0 - 0. Let m(z) = -z**3 - 2*z**2 + 2*z - 1. Let f be m(1). Let v = n - f. Calculate the remainder when v is divided by 1.
0
Suppose 3*x + 3*y = 5*x - 35, 0 = -x + 4*y + 20. Let a be (-176)/(-3)*(-6)/(-4). Suppose -2*b - x = -a. Calculate the remainder when b is divided by 19.
17
Let b(w) = w**3 - 8*w**2 - 6*w - 12. Let v = -7 + 10. Suppose x + 2*p = -0*p + 9, v*x - 27 = 3*p. Calculate the remainder when 44 is divided by b(x).
14
Suppose -2*a + 3*y + 18 = -30, -5*y - 92 = -4*a. Let o = -11 + a. Calculate the remainder when o is divided by 1 + 4 - (0 - -1).
3
Let h be 8 + 6/3*-1. Let u = -4 + h. Suppose 2*r + 41 = 7*r - d, 17 = r + u*d. What is the remainder when r is divided by 4?
1
Let j = 2 - -6. Let b = -7 + 20. Let q = -8 + b. Calculate the remainder when j is divided by q.
3
Suppose 4*k - 5 - 3 = 0, 2*m - 18 = 4*k. Suppose -2*d + m + 3 = 0. What is the remainder when 14 is divided by d?
6
Calculate the remainder when (-22)/4*-14 - 0 is divided by (-104)/10*(-75)/30.
25
Let i = 766 + -482. Suppose 0*s + 4*s = i. What is the remainder when s is divided by 18?
17
Let i(m) be the third derivative of m**4/8 + m**3/6 + 3*m**2. Let o be i(1). Let k = o + 11. Calculate the remainder when k is divided by 8.
7
What is the remainder when 816/30 - 3/15 is divided by 14?
13
Suppose -4 = -2*k - 0. Suppose 2*q - 18 = -q. Suppose 6*h - q = 3*h. Calculate the remainder when k is divided by h.
0
Suppose 0 = 3*n + 6, -3*x = x - 3*n - 546. Calculate the remainder when x is divided by 34.
33
Let y(p) = -p**3 - 12*p**2 - 13*p - 8. What is the remainder when 53 is divided by y(-11)?
11
Let l(c) = 6*c + 4. Let w be l(-2). Let x = 5 - w. Calculate the remainder when x is divided by 5.
3
Let j = 1121 - 577. Calculate the remainder when (-1)/(-3) + j/24 is divided by 8.
7
Let w(s) = s - 1. Let q be w(-1). Let a = q - -5. Calculate the remainder when (-44)/(-4)*(a - 2) is divided by 4.
3
Let h = -15 + 113. What is the remainder when h is divided by 25?
23
Let r = 27 + -18. Let x = r + 15. Calculate the remainder when x is divided by 13.
11
Let q = 41 - 16. Let t(c) = 5*c - 5. Let z be t(2). Suppose -z*x + 61 + 4 = 0. What is the remainder when q is divided by x?
12
Suppose 0 = -125*c + 122*c + 105. Calculate the remainder when 314 is divided by c.
34
Suppose 0 = -3*j - 2*h + 23, -4*h = -2*h - 8. Suppose -192 = -0*u + 4*u. Let m = -29 - u. What is the remainder when m is divided by j?
4
Let k(t) = t**2 - 8*t + 28. Calculate the remainder when k(20) is divided by 54.
52
Suppose 4 = -2*d - 2, 5*d - 18 = -3*k. Suppose 5*v - 108 - 107 = 0. Calculate the remainder when v is divided by k.
10
Let f(m) = 3 + 3*m**2 - 3*m + 2 + 2*m**2 - 29*m**3 + 30*m**3. Calculate the remainde